+ 2 + -329 + 290?
-12
Evaluate -7 + -5 + 1 + 3 - 4.
-12
What is the value of (34 - 22) + 1 + -8 - 15?
-10
What is the value of 3 - -8 - 5 - 45 - (-1 - -1)?
-39
(0 - 26) + 1 + (-4 - -14) + -3
-18
What is the value of 0 - (0 + (14 - (4 - 8)))?
-18
What is -13 + (-3 - -4) + 14 + -1 + 18?
19
What is -4 + -1 + 4 + 5 + 1 - -2?
7
Calculate -1 - 19 - (5 - 4).
-21
-21 + (29 - 18) + 7 + -7 + -12
-22
Calculate 0 + 0 - (-18 - (-1 - 0 - 15)).
2
Evaluate 63 + -31 + (13 - 19).
26
29 - 16 - (7 - 1)
7
Evaluate 0 + 5 + -1 + 0 + 2.
6
Evaluate -17 - (2 + 0 + (2 - (26 - 16))).
-11
Calculate (-29 - 0) + -42 + (32 - -21).
-18
What is the value of -20 - (-43 - -15) - 11?
-3
Calculate (-13 - (27 - 29)) + -1.
-12
What is the value of 14 + -6 - (-5 + 20)?
-7
What is the value of -8 + (1 - -27 - (-27 + 35))?
12
-141 + 151 + (-2 - 13)
-5
What is 0 - -7 - ((-14 - 2) + (-73 - -72))?
24
What is the value of 10 + (33 - (44 + -32))?
31
Evaluate -44 - ((-24 - -42) + -44).
-18
Calculate -4 - (-4 + -1) - (-4 + 2 + 18).
-15
What is the value of 2 - (-15 - -22 - 1)?
-4
What is (22 + -11 - 27) + 3 + 5?
-8
What is -10 + 43 + (-5 - 0) + -5?
23
Evaluate (-1 - -14) + 0 + -44 + 33.
2
Evaluate -9 - (18 - (-9 + 11 + -2)).
-27
Evaluate 0 + (-1 + 1 - -10) + 10.
20
What is 48 + -37 + (-2 - 1 - -8)?
16
Calculate 0 + 0 + 2 + 0 + -10 + -9.
-17
What is (-15 - (28 - 34)) + 5?
-4
Calculate 1 + -1 + -10 - (513 - 522).
-1
Evaluate -6 + (-3 - -7) + -10.
-12
What is the value of 20 + -11 + (-16 - (0 - 6) - -4)?
3
Evaluate -5 - (-4 - 3) - (10 - -8).
-16
-2 - (-18 - -11 - (-3 + 0) - -5)
-3
What is -24 + (-1 - -10 - (27 + -1 + -24))?
-17
Calculate (-15 - -18 - -1) + -6 + 0.
-2
What is -20 + -7 + (10 - -28)?
11
What is (12 - 10 - (3 - 1)) + -2 + 9?
7
What is the value of -2 + 4 + -1 - (1 - -4 - -6)?
-10
Calculate 2 - 16 - (-13 - (-5 - 4)).
-10
What is the value of (-1 - (-2 - 2)) + (12 - (-10 - -20))?
5
What is 7 - (17 + 1 + (-49 + 27 - -17))?
-6
Evaluate -9 - (-28 + 4) - 8.
7
What is the value of 9 - (-3 + -24) - (10 + 1) - 7?
18
Calculate 5 + (33 - 14) - 36.
-12
-9 - (26 - 20 - 6)
-9
Evaluate (7 - 5) + 2 + -6.
-2
-8 + 8 + -6 + -5
-11
Calculate 10 - (3 + -13 - -14).
6
What is 8 + (14 - 18) + 12 + (-4 - 3)?
9
What is the value of 27 - 1 - (68 + -40 - 38)?
36
2 - (-2 + 10 + 4) - -3 - 4
-11
What is -10 + 2 - (4 + -3)?
-9
Evaluate (-16 - -22) + -3 + (1 - -2).
6
What is -2 + 6 - (-251 + 273)?
-18
Evaluate (26 - (-2 - -16)) + (-3 - 2).
7
Evaluate -146 - -142 - ((-3 - (2 - 4)) + 3).
-6
-8 - (1 - 14 - (-5 - -11))
11
(-9 + -1 - -10) + -20
-20
What is 13 + 16 + -12 + -21?
-4
What is the value of 16 + (9 - (-1 - -5)) + (0 - 10)?
11
What is (14 + -24 - -14 - -9) + -28?
-15
(13 - 8 - (-2 + 0)) + (7 - 8)
6
What is the value of -14 + -1 - (6 + (-21 - -3))?
-3
What is -3 + (17 - (2 + (-3 - -1 - 5)))?
19
What is the value of 3 + 43 + -35 + -25?
-14
4 - (0 - 10) - (32 + -7)
-11
-5 + 6 + 4 + -12 + 8
1
Evaluate -2 + (6 + -12 - 0 - -5) + 1.
-2
What is -8 - (-21 + -8 + 14)?
7
What is the value of -2 - ((-8 - 0) + 48 + -46)?
4
Evaluate 7 + (0 + (8 - 2) - 40).
-27
What is 2 + 9 + -14 + 9 - 14?
-8
What is the value of -40 - -26 - (-3 + -2 + -27)?
18
Calculate 1 + 0 + -18 + 23 + 6.
12
Evaluate -34 - (1 + -5 - (8 - (12 + -8))).
-26
Calculate (7 - 3) + 9 + (7 - (6 - 7)).
21
Evaluate 7 + (5 - 17) + 18.
13
28 + -35 - (-1 + -3 - (9 - 13))
-7
What is the value of 13 - 16 - (9 + 5 + -18)?
1
What is (-1 - -5) + (-4 - -3) + (-23 - -28)?
8
4918 - 4948 - ((1 - 1) + -1)
-29
(-2 - -2 - 6) + 10
4
Calculate 15 + -43 - -31 - 35.
-32
-6 + (-10 - -7) + 1 + 1
-7
What is the value of -2 - 54 - -34 - -18?
-4
Calculate -5 - -5 - (-1 + -9).
10
Calculate (-2 - -12) + -2 + (27 - 27).
8
Evaluate 9 + (-8 - -4 - (10 - (-3 - -6))).
-2
What is -19 - (47 - (58 + -6))?
-14
Calculate -12 - (-1 + 10 - (-2 + 9 + -1)).
-15
4 + -12 + 19 + -12
-1
What is the value of 13 - (6 + (-6 - -2) + 0)?
11
-15 + -12 + 13 + 15
1
-4 - (-9 + -12 + 17) - (-2 + 0)
2
What is the value of -29 + -21 + 50 - (-1 - (12 + 2))?
15
Evaluate 0 - -1 - -2 - (20 + -21).
4
What is 6 - (-10 + 35 - 16)?
-3
Calculate -4 - (-21 - (-27 + 12)).
2
Calculate -1 - (5 + (-1 - -2) + 2 + -3).
-6
(3 - 11 - 5 - -1) + -7 - -7
-12
1 + -6 - -4 - (4 + 2)
-7
Calculate (2 + -10 - -4 - 0) + 26 - 4.
18
39 + -46 - (2 + -10)
1
Evaluate -6 + 21 + 4 - (3 + -6).
22
Calculate 23 + (-8 - -1 - (-10 + 13 + -4)).
17
-3 - (12 + -8 + -39)
32
What is the value of 5 + 5 + -25 + 8 - -3 - 6?
-10
0 - (-12 - 3) - (-77 + 76)
16
Evaluate -1 + 10 - (-9 - (-16 - 16)).
-14
(0 - (-56 + 47)) + (0 - -11)
20
Calculate -24 - (-6 + -8 + (-1 - 0)).
-9
Evaluate -19 + (-2 - (19 - 7)) - (1 + -4).
-30
What is (2 - 10 - -1) + -380 + 392 + 9?
14
(48 - 20 - 12) + -16
0
Evaluate -23 + 48 + -56 + 36.
5
Calculate -21 + (19 + -11 - -13).
0
What is -4 + 0 - (0 - 2 - -6 - -6)?
-14
What is the value of (-1 - (-14 - 5)) + -23?
-5
What is -7 - -10 - (-6 - (-2 - -7 - 8))?
6
What is (6 - (0 + 0 - 4)) + 6?
16
Evaluate (-1 + 2 - -12) + 383 + -383 - -2.
15
What is the value of -40 + 1 - (331 - 353)?
-17
What is the value of 2 + (-1 - -2) + (-43 - (68 - 115))?
7
Calculate 0 - 12 - (38 + 23 + -89).
16
Calculate 0 + -1 + (81 - 77) - (22 - -3).
-22
What is 25 - (27 - 18 - -18)?
-2
Calculate (0 + 18 - 26) + 22.
14
What is the value of 0 + -4 - (-5 - 0) - (16 + -5)?
-10
Calculate 10 - 3 - 20 - -13.
0
What is the value of (6 - -6) + 25 + -33 + -13?
-9
Evaluate (16 - (-15 - -2 - -36)) + 10 + 1.
4
What is the value of 0 + -2 - -3 - (505 - 489)?
-15
0 + -12 + (12 + -37 - -44 - 33)
-26
What is 0 - ((1 + 9 - 8) + 1 + -10)?
7
What is the value of 28 - 33 - 4 - (1 - 5)?
-5
Calculate -62 + 24 + 14 + 40.
16
What is the value of 15 + -105 + 99 + 1 + -4?
6
What is the value of 31 - (24 + (-28 - -33))?
2
What is -7 - (0 - -7) - -10?
-4
What is the value of 5 - (12 + -2 + 6 + -8)?
-3
(-20 - (-15 + 16)) + 40
19
What is 401 - 412 - (-2 + (0 - -5))?
-14
Evaluate -5 + 11 + (3 + 7 - 26) - -2.
-8
What is 11 + -24 + 11 - (2 + -16)?
12
Evaluate 11 + -5 + 13 - (-41 - -30).
30
11 - ((13 - -3) + 7)
-12
What is (19 - 0) + -127 + 105 + -32?
-35
What is (-4 + -8 + 8 - -11) + -15?
-8
Evaluate 67 + -45 - (0 + -7) - (-10 - -1).
38
27 - (22 - (-22 + 5))
-12
What is 1 - -4 - (-1 - ((-16 - -6) + -1))?
-5
What is the value of -6 + (-5 - -10) + (-2 - 1)?
-4
What is (0 - 4) + (-38 + 46 - (-2 + 12))?
-6
Calculate (-33 - -36) + (1 - 0) + -15.
-11
47 - (-17 + (49 - 4))
19
Calculate -7 - (-10 - -1 - (119 - 170)) - -11.
-38
What is 21 + (1 - (46 + -23))?
-1
Calculate (32 - 0) + -29 - (-1 - -12).
-8
Calculate -9 + (16 - 13) - 21.
-27
Evaluate (31 - 24) + (5 - 1).
11
Evaluate -5 - (-76 + 10 - -36).
25
(0 - 7) + (-709 - -728) + (-1 - 9)
2
What is -1 + (19 - (17 - 10 - -3))?
8
What is -2 - -6 - ((13 - 9) + (0 - 1))?
1
What is the value of -1 - 1 - (1 - -1) - (2 - 3)?
-3
What is the value of 7 + -32 + 33 + -15?
-7
-5 + (-17 + -11 + 13 - -20)
0
Calculate -38 + 21 + 29 - (39 - 0).
-27
Evaluate 6 - (16 - 3 - -5).
-12
Calculate -94 - -97 - (15 - 2 - 2).
-8
Calculate (23 + -22 - 19) + 4.
-14
What is 16 - (67 + -26) - (1 + -9)?
-17
What is the value of (5 - 7 - 3) + (-4 - -14) + -2?
3
Evaluate -1567 - -1592 - (11 + 1).
13
What is (-8 - -1) + (-86 - -79) - -10?
-4
What is 7 - (-4 + (-11 - -6))?
16
What is -5 - (-3 + 17 - (9 - 5 - 1))?
-16
Calculate -4 - -3 - 17 - (21 + -26).
-13
What is 7 - (-5 - (-1 + 11) - -23)?
-1
Calculate (-13 - (2 - 11)) + 5.
1
Calculate (-12 - -18) + 6 - 20.
-8
What is the value of 9 - (-1 + 3) - (-16 + 16 + -12)?
19
-14 - (1 - 0 - -7 - (515 - 514))
-21
-138 + 139 + (-3 - -6 - 0 - 3)
1
Evaluate 0 - ((5 - (-2 + 6)) + -9 + 2).
6
-1 + -6 + 6 + -2 + (7 - 1)
3
Evaluate (2 - 23 - -6 - -5) + -2.
-12
-3 - -1 - (36 - 28)
-10
Evaluate 14 + -4 + -2 - 0.
8
Calculate (0 - -2) + 574 + -574.
2
What is -46 + 22 + -4 - -14?
-14
Evaluate -10 + (27 - (-4 + 2)) + -2.
17
Calculate -2 - (31 - (36 - 20)).
-17
Calculate (-4 - -12) + (-63 - -49) + (-2 - 19).
-27
Calculate (-16 - 0) + -28 + 20 + 13.
-11
(1 - (2 + 8) - -16) + (13 - 3)
17
What is -2 + 34 + 5 - 27?
10
Calculate -11 - 0 - -2 - (29 + -12 - 12).
-14
-12 + 44 + -14 + -18
0
Calculate 36 - 8 - (6 + 0 + (-4 - -3)).
23
What is the value of -31 - (4 - (68 - 27))?
6
-76 - -76 - (0 - -1) - -21
20
Evaluate (-1 - -13) + -10 + 11.
13
What is the value of -1 + (0 - (2 - -8 - 